{"id":1820,"date":"2020-03-11T08:29:30","date_gmt":"2020-03-11T06:29:30","guid":{"rendered":"https:\/\/arktisenlapinys.fi\/?page_id=1820"},"modified":"2025-01-21T14:58:46","modified_gmt":"2025-01-21T12:58:46","slug":"jee%ca%b9res-aa%ca%b9ss","status":"publish","type":"page","link":"https:\/\/arktisenlapinys.fi\/sms-fi\/jee%ca%b9res-aa%ca%b9ss\/","title":{"rendered":"Jee\u02b9res \u00e4\u00e4\u02b9\u0161\u0161"},"content":{"rendered":"\n<div class=\"wp-block-group has-global-padding is-layout-constrained wp-block-group-is-layout-constrained\">\n<div class=\"wp-block-columns is-layout-flex wp-container-core-columns-is-layout-1 wp-block-columns-is-layout-flex\">\n<div class=\"wp-block-column is-layout-flow wp-block-column-is-layout-flow\" style=\"flex-basis:66.66%\">\n<div class=\"wp-block-group is-layout-flow wp-block-group-is-layout-flow\">\n<h2 class=\"wp-block-heading\">Lu\u00e2ttj\u00e5\u00e5ttl\u00f5kl\u00e4\u00e4\u02b9\u01e9\u01e9<\/h2>\n\n\n\n<div class=\"wp-block-group has-alys-trans-red-background-color has-background has-global-padding is-layout-constrained wp-container-core-group-is-layout-1 wp-block-group-is-layout-constrained\" style=\"border-radius:1.75em;margin-top:1em;margin-bottom:1em;padding-top:2em;padding-right:1em;padding-bottom:2em;padding-left:1em\">\n<p>Lu\u00e2ttj\u00e5\u00e5ttl\u00f5kl\u00e4\u00e4\u02b9jj mie\u02b9ldd moottrin vuejjam vuejjamne\u00e4vvain \u0161\u00f5ddi \u01e9e\u00e2\u0161tt\u00f5\u00f5ttm\u00f5\u00f5\u017e\u017ei da harjjt\u00f5\u00f5zzi t\u00e4ujjnam le\u02b9be p\u00f5\u00f5\u0161\u0161i j\u00e4\u02b9rjstumm\u0161a se\u00e4mma lu\u00e2\u0111ast \u00e2lgg vu\u00e4\u01ef\u01efeed k\u00e5\u00e5\u02b9dd pirr\u00f5s-su\u00f5jjlemve\u02b9r\u01e7\u01e7nee\u02b9\u01e9\u01e9 l\u00e5\u00e5\u02b9pp. L\u00e5\u00e5\u02b9v je\u00e4t kuuit\u00e2\u01e5 taarb\u00e2\u017e t\u00e4n mi\u00e2rkt\u00f5\u00f5zz di\u00f5tt aazztemk\u00e4\u00e4\u02b9vest va\u02b9rrjum v\u00f5udda le\u02b9be p\u00e4ikka, koozz lij uvddum pirr\u00f5s-su\u00f5jjleml\u00e4\u00e4\u02b9jjest mi\u00e2rktum pirr\u00f5sl\u00e5\u00e5\u02b9pp. <\/p>\n\n\n\n<p>Lu\u00e2\u0111ain mi\u00e2rktet m\u00e4ddvuu\u02b9d da ji\u00f5\u014b\u014b\u00e2m \u010d\u00e4\u00e4\u02b9ccvuu\u02b9d. Privatt \u0161\u00f5ddm\u00f5\u00f5\u017e\u017e j\u00e4\u02b9rjstumm\u0161a \u00e2lgg \u0161e vu\u00e4\u01ef\u01efeed l\u00e5\u00e5\u02b9pp, j\u00f5s \u0161\u00f5ddm\u00f5\u00f5\u017e\u017e\u00e2st li\u00e2 vue\u02b9rddemnalla samai ji\u00e2nnai h\u00e4\u00e4it lu\u00f5ttu, jee\u02b9res pirr\u00f5\u02b9sse, aazzt\u00f5\u02b9sse, aalmila\u017e virkk\u00f5\u00f5vv\u00e2m\u00e2\u00e2nnm\u00f5\u02b9\u0161\u0161e, kue\u02b9ll\u0161eellm\u00f5\u02b9\u0161\u0161e le\u02b9be jee\u02b9res aalmila\u017e le\u02b9be privatt oudd\u00f5\u02b9sse. <\/p>\n\n\n\n<p>Toi\u02b9mmjummu\u017e j\u00e4\u02b9rjstumm\u0161a \u00e2lgg lee\u02b9d vuu\u02b9d vu\u00e4\u02b9msteei le\u02b9be vaald\u0161eei mi\u00e2sttm\u00f5\u0161. L\u00e5\u00e5\u02b9v oo\u0292\u0292\u00e2t pirr\u00f5s-su\u00f5jjlemve\u02b9r\u01e7\u01e7nee\u02b9\u01e9\u01e9est oocc\u00e2mlomaakkin, koon kaaunak seeid vu\u00e4\u02b9ljsreeu\u02b9nest. Ooccm\u00f5\u00f5\u017e\u017e t\u00e5\u00e5imtet rekister\u00e2\u02b9sttemkonttra.<\/p>\n\n\n\n<p>Pirr\u00f5s-su\u00f5jjlemve\u02b9r\u01e7\u01e7ne\u01e9 va\u02b9sttad \u0161e t\u00e5immjemvuu\u02b9d koo\u02b9ddi lu\u00e2ttj\u00e5\u00e5ttl\u00f5kl\u00e4\u00e4\u02b9jj me\u00e2ldla\u017e moottor\u01e9e\u00e2lkk-\u01e9e\u00e4inai \u01e9e\u00e4innplaani priimm\u02bcm\u00f5\u00f5\u017e\u017e\u00e2st di \u01e9e\u00e4inai k\u00f5skkpoddsa\u017e le\u02b9be occnja\u017e serddm\u00f5\u00f5\u017e\u017ein.<\/p>\n\n\n\n<p>Lu\u00e2ttj\u00e5\u00e5ttl\u00f5\u00f5\u01e5\u01e5 vu\u00e5ppm\u00f5\u02b9\u0161\u0161e \u00f5httneei aa\u02b9\u0161\u0161in \u00f5httvu\u00f5\u0111 \u00e2lgg v\u00e4\u02b9ldded <a href=\"https:\/\/www.poliisi.fi\/lappi\/yhteystiedot\" target=\"_blank\" rel=\"noreferrer noopener\"><mark style=\"background-color:rgba(0, 0, 0, 0);color:#3c1cc0\" class=\"has-inline-color\">Lappi p\u00e5\u00e5\u02b9les-stroi\u02b9ttla<\/mark><\/a> le\u02b9be riikk m\u00e4dd- da \u010d\u00e4\u00e4\u02b9ccvuu\u02b9di be\u00e4\u02b9lnn\u00a0<a href=\"https:\/\/www.eraluvat.fi\/erapalvelut\/eravalvonta.htm\" target=\"_blank\" rel=\"noreferrer noopener\"><mark style=\"background-color:rgba(0, 0, 0, 0);color:#3c1cc0\" class=\"has-inline-color\">Me\u00e4\u02b9cchallt\u00f5\u00f5zz lu\u00e2ttsk\u00e5\u00e5ttrdemvu\u00e5ppm\u00f5\u02b9\u0161\u0161e<\/mark><\/a>.<\/p>\n<\/div>\n\n\n\n<hr class=\"wp-block-separator has-css-opacity\" style=\"margin-top:2em;margin-bottom:4em\"\/>\n<\/div>\n\n\n\n<div class=\"wp-block-group is-layout-flow wp-block-group-is-layout-flow\">\n<h2 class=\"wp-block-heading\">\u010c\u00e4\u00e4\u02b9ccj\u00e5\u00e5ttl\u00f5kl\u00e4\u00e4\u02b9\u01e9\u01e9<\/h2>\n\n\n\n<div class=\"wp-block-group has-alys-trans-red-background-color has-background has-global-padding is-layout-constrained wp-container-core-group-is-layout-3 wp-block-group-is-layout-constrained\" style=\"border-radius:1.75em;margin-top:1em;margin-bottom:1em;padding-top:2em;padding-right:1em;padding-bottom:2em;padding-left:1em\">\n<p>\u010c\u00e4\u00e4\u02b9ccj\u00e5\u00e5ttl\u00f5kl\u00e4\u00e4\u02b9jj mie\u02b9ldd moottrin \u00f5nnum \u010d\u00e4\u00e4\u02b9ccj\u00e5\u00e5\u02b9ttemne\u00e4vvain \u01e9e\u00e2\u0161tt\u00f5\u00f5ttm\u00f5\u00f5\u017e\u017ei, harjjt\u00f5\u00f5zzi le\u02b9be jee\u02b9res \u0161\u00f5ddm\u00f5\u00f5\u017e\u017ei t\u00e4ujjnam le\u02b9be p\u00f5\u00f5\u0161\u0161i j\u00e4\u02b9rjstumm\u0161a se\u00e4mma \u010d\u00e4\u00e4\u02b9ccvuu\u02b9dest \u00e2lgg vu\u00e4\u01ef\u01efeed k\u00e5\u00e5\u02b9dd pirr\u00f5s-su\u00f5jjlemve\u02b9r\u01e7\u01e7nee\u02b9\u01e9\u01e9 l\u00e5\u00e5\u02b9pp. <\/p>\n\n\n\n<p>L\u00e5\u00e5\u02b9v je\u00e4t kuuit\u00e2\u01e5 taarb\u00e2\u0161 t\u00e4n mi\u00e2rkt\u00f5\u00f5zz di\u00f5tt aazztemk\u00e4\u00e4\u02b9vest va\u02b9rrjum v\u00f5udda ij-\u01e5a p\u00e4ikka, koozz lij uvddum pirr\u00f5s-su\u00f5jjleml\u00e4\u00e4\u02b9jjest mi\u00e2rktum pirr\u00f5sl\u00e5\u00e5\u02b9pp. L\u00e5\u00e5\u02b9pp \u00e2lgg vu\u00e4\u01ef\u01efeed \u0161e privatt \u0161\u00f5ddm\u00f5\u00f5\u017e\u017e j\u00e4\u02b9rjstumm\u0161a, j\u00f5s \u0161\u00f5ddm\u00f5\u00f5\u017e\u017e\u00e2st li\u00e2 vue\u02b9rddemnalla mi\u00e2rkteei h\u00e4\u00e4it pirr\u00f5\u02b9sse. <\/p>\n\n\n\n<p>L\u00e5\u00e5\u02b9v vuei\u02b9tet u\u02b9vdded t\u00e5\u02b9l\u01e9, j\u00f5s \u010d\u00e4\u00e4\u02b9ccvuu\u02b9d vu\u00e4\u02b9msteei lij \u00f5uddam t\u00f5\u00f5zz mi\u00e2sttm\u00f5\u00f5\u017e\u017e\u00e2s. L\u00e5\u00e5\u02b9v oo\u0292\u0292\u00e2t pirr\u00f5s-su\u00f5jjlemve\u02b9r\u01e7\u01e7nee\u02b9\u01e9\u01e9est oocc\u00e2mlomaakkin, koon kaaunak seeid vu\u00e4\u02b9ljsreeu\u02b9nest.<\/p>\n<\/div>\n\n\n\n<hr class=\"wp-block-separator has-css-opacity\" style=\"margin-top:2em;margin-bottom:4em\"\/>\n<\/div>\n\n\n\n<div class=\"wp-block-group is-layout-flow wp-block-group-is-layout-flow\">\n<h2 class=\"wp-block-heading\">\u00c5lggan\u00e5\u00e5rraml\u00e4\u00e4\u02b9\u01e9\u01e9<\/h2>\n\n\n\n<div class=\"wp-block-group has-alys-trans-red-background-color has-background has-global-padding is-layout-constrained wp-container-core-group-is-layout-5 wp-block-group-is-layout-constrained\" style=\"border-radius:1.75em;margin-top:1em;margin-bottom:1em;padding-top:2em;padding-right:1em;padding-bottom:2em;padding-left:1em\">\n<p>Aarktla\u017e Lappi pirr\u00f5s-su\u00f5jjlummu\u0161 t\u00e5imm \u00e5lggan\u00e5\u00e5rraml\u00e4\u00e4\u02b9jj me\u00e2ldla\u017e lei\u02b9rrvu\u02b9vddve\u02b9r\u01e7\u01e7ne\u02b9\u01e9\u01e9en t\u00e5immamvuu\u02b9dstes. Lei\u02b9rrvuu\u02b9d alttumm\u0161est \u00e2lgg m\u00e2\u00e2im\u00f5\u00f5zz\u00e2st 3 mp ooudbe\u00e4\u02b9lnn t\u00e5\u00e5im alttummu\u017e tuejjeed i\u02b9lmmt\u00f5s k\u00e5\u00e5\u02b9dd lei\u02b9rrvu\u02b9vddve\u02b9r\u01e7\u01e7nekka. <\/p>\n\n\n\n<p>I\u02b9lmmt\u00f5\u00f5zz vu\u00e4itt tuejjeed ji\u00f5\u010d\u010d tattum maallin. I\u02b9lmmt\u00f5\u00f5zz\u00e2st \u00e2\u02b9l\u01e7\u01e7e pue\u02b9tted \u00f5lmmsa taarbla\u017e te\u00e2\u0111 lei\u02b9rrvuu\u02b9d \u00f5\u00f5\u02b9nn\u02bcjest da vuu\u02b9d s\u00e2jj\u00f5\u00f5zz\u00e2st di toi\u02b9mmjummu\u017e lu\u00e2nd\u00e2st da veidds\u00f5svu\u00f5\u0111\u00e2st.<\/p>\n<\/div>\n\n\n\n<hr class=\"wp-block-separator has-css-opacity\" style=\"margin-top:2em;margin-bottom:4em\"\/>\n<\/div>\n\n\n\n<div class=\"wp-block-group is-layout-flow wp-block-group-is-layout-flow\">\n<h2 class=\"wp-block-heading\">\u010c\u00e4\u00e4\u02b9ccl\u00e4\u00e4\u02b9\u01e9\u01e9<\/h2>\n\n\n\n<div class=\"wp-block-group has-alys-trans-red-background-color has-background has-global-padding is-layout-constrained wp-container-core-group-is-layout-7 wp-block-group-is-layout-constrained\" style=\"border-radius:1.75em;margin-top:1em;margin-bottom:1em;padding-top:2em;padding-right:1em;padding-bottom:2em;padding-left:1em\">\n<p>\u010c\u00e4\u00e4\u02b9ccl\u00e4\u00e4\u02b9jj me\u00e2ldla\u017e \u00e4\u00e4\u02b9\u0161\u0161 ko\u02b9lle vuei\u02b9vv\u00e4\u02b9\u0161\u0161est jee\u02b9res ve\u02b9r\u01e7\u01e7nii\u02b9\u01e9\u01e9id. K\u00e5\u00e5\u02b9dd pirr\u00f5s-su\u00f5jjlemve\u02b9r\u01e7\u01e7nee\u02b9\u01e9\u01e9 t\u00e5immv\u00e4ldda ko\u02b9lle t\u00e4\u00e4ll\/poorr\u00e2m\u010d\u00e4\u00e4\u02b9\u0292\u0292 \u00e2\u00e2nnm\u00f5\u00f5\u017e\u017e rajjtummu\u0161 di vu\u00e4jjt\u00f5s\u00e4\u00e4\u02b9\u0161\u0161, me\u00e4dda loo\u01e5\u01e5ee\u02b9l \u010d\u00e4\u00e4\u02b9ccvuu\u02b9d torkkm\u00f5\u02b9\u0161\u0161e \u00f5httneei vu\u00e4jjt\u00f5s\u00e4\u02b9\u0161\u0161 di \u010d\u00e4\u00e4\u02b9cct\u00e4\u00e4llha\u02b9\u014b\u01e9\u01e9\u00f5s da vu\u00e4jjt\u00f5st\u00e5\u00e5imt\u00f5s.<\/p>\n<\/div>\n\n\n\n<hr class=\"wp-block-separator has-css-opacity\" style=\"margin-top:2em;margin-bottom:4em\"\/>\n<\/div>\n<\/div>\n\n\n\n<div class=\"wp-block-column is-layout-flow wp-block-column-is-layout-flow\" style=\"flex-basis:33.33%\">\n<h3 class=\"wp-block-heading\">Asiakirjat<\/h3>\n\n\n\n<div class=\"wp-block-file links has-link-color wp-elements-c987e1ce0400330edd443b6360aa4c6e\" style=\"margin-top:1em;margin-bottom:1em\"><a href=\"https:\/\/arktisenlapinys.fi\/wp-content\/uploads\/Lupahakemus-MaastolL-30-\u00a7-tai-VesilL-106-\u00a7.pdf\" target=\"_blank\" rel=\"noreferrer noopener\">Lupahakemus maastoliikenne- tai vesiliikennelain mukaisiin kilpailuihin tai harjoituksiin (pdf)<\/a><\/div>\n\n\n\n<div class=\"wp-block-file links has-link-color wp-elements-84a425350e139f30667ad43c265fda8a\" style=\"margin-top:1em;margin-bottom:1em\"><a href=\"https:\/\/arktisenlapinys.fi\/wp-content\/uploads\/Lupahakemus-MaastolL-30-\u00a7-tai-VesilL-106-\u00a7.docx\" target=\"_blank\" rel=\"noreferrer noopener\">Lupahakemus maastoliikenne- tai vesiliikennelain mukaisiin kilpailuihin tai harjoituksiin (docx)<\/a><\/div>\n\n\n\n<h3 class=\"wp-block-heading links\" style=\"margin-top:1em;margin-bottom:1em\">Linkit<\/h3>\n\n\n\n<p class=\"links\" style=\"margin-top:1em;margin-bottom:1em\"><a href=\"https:\/\/www.finlex.fi\/fi\/laki\/ajantasa\/1995\/19951710\">Maastoliikennelaki (1710\/1995)<\/a><\/p>\n\n\n\n<p class=\"links\" style=\"margin-top:1em;margin-bottom:1em\"><a href=\"https:\/\/www.finlex.fi\/fi\/laki\/ajantasa\/2019\/20190782\">Vesiliikennelaki (782\/2019)<\/a><\/p>\n\n\n\n<p class=\"links\" style=\"margin-top:1em;margin-bottom:1em\"><a href=\"https:\/\/www.finlex.fi\/fi\/laki\/ajantasa\/1973\/19730606\">Ulkoilulaki (606\/1973)<\/a><\/p>\n\n\n\n<p class=\"links\" style=\"margin-top:1em;margin-bottom:1em\"><a href=\"https:\/\/www.finlex.fi\/fi\/laki\/ajantasa\/2011\/20110587\">Vesilaki (587\/2011)<\/a><\/p>\n<\/div>\n<\/div>\n<\/div>\n","protected":false},"excerpt":{"rendered":"<p>Lu\u00e2ttj\u00e5\u00e5ttl\u00f5kl\u00e4\u00e4\u02b9\u01e9\u01e9 Lu\u00e2ttj\u00e5\u00e5ttl\u00f5kl\u00e4\u00e4\u02b9jj mie\u02b9ldd moottrin vuejjam vuejjamne\u00e4vvain \u0161\u00f5ddi \u01e9e\u00e2\u0161tt\u00f5\u00f5ttm\u00f5\u00f5\u017e\u017ei da harjjt\u00f5\u00f5zzi t\u00e4ujjnam le\u02b9be p\u00f5\u00f5\u0161\u0161i j\u00e4\u02b9rjstumm\u0161a se\u00e4mma lu\u00e2\u0111ast \u00e2lgg vu\u00e4\u01ef\u01efeed k\u00e5\u00e5\u02b9dd pirr\u00f5s-su\u00f5jjlemve\u02b9r\u01e7\u01e7nee\u02b9\u01e9\u01e9 l\u00e5\u00e5\u02b9pp. L\u00e5\u00e5\u02b9v je\u00e4t kuuit\u00e2\u01e5 taarb\u00e2\u017e t\u00e4n mi\u00e2rkt\u00f5\u00f5zz di\u00f5tt aazztemk\u00e4\u00e4\u02b9vest va\u02b9rrjum v\u00f5udda le\u02b9be p\u00e4ikka, koozz lij uvddum pirr\u00f5s-su\u00f5jjleml\u00e4\u00e4\u02b9jjest mi\u00e2rktum pirr\u00f5sl\u00e5\u00e5\u02b9pp. Lu\u00e2\u0111ain mi\u00e2rktet m\u00e4ddvuu\u02b9d da ji\u00f5\u014b\u014b\u00e2m \u010d\u00e4\u00e4\u02b9ccvuu\u02b9d. Privatt \u0161\u00f5ddm\u00f5\u00f5\u017e\u017e j\u00e4\u02b9rjstumm\u0161a \u00e2lgg \u0161e vu\u00e4\u01ef\u01efeed l\u00e5\u00e5\u02b9pp, j\u00f5s \u0161\u00f5ddm\u00f5\u00f5\u017e\u017e\u00e2st li\u00e2 [&hellip;]<\/p>\n","protected":false},"author":1,"featured_media":1666,"parent":0,"menu_order":0,"comment_status":"closed","ping_status":"closed","template":"","meta":{"footnotes":""},"class_list":["post-1820","page","type-page","status-publish","has-post-thumbnail","hentry"],"_links":{"self":[{"href":"https:\/\/arktisenlapinys.fi\/sms-fi\/wp-json\/wp\/v2\/pages\/1820","targetHints":{"allow":["GET"]}}],"collection":[{"href":"https:\/\/arktisenlapinys.fi\/sms-fi\/wp-json\/wp\/v2\/pages"}],"about":[{"href":"https:\/\/arktisenlapinys.fi\/sms-fi\/wp-json\/wp\/v2\/types\/page"}],"author":[{"embeddable":true,"href":"https:\/\/arktisenlapinys.fi\/sms-fi\/wp-json\/wp\/v2\/users\/1"}],"replies":[{"embeddable":true,"href":"https:\/\/arktisenlapinys.fi\/sms-fi\/wp-json\/wp\/v2\/comments?post=1820"}],"version-history":[{"count":4,"href":"https:\/\/arktisenlapinys.fi\/sms-fi\/wp-json\/wp\/v2\/pages\/1820\/revisions"}],"predecessor-version":[{"id":2448,"href":"https:\/\/arktisenlapinys.fi\/sms-fi\/wp-json\/wp\/v2\/pages\/1820\/revisions\/2448"}],"wp:featuredmedia":[{"embeddable":true,"href":"https:\/\/arktisenlapinys.fi\/sms-fi\/wp-json\/wp\/v2\/media\/1666"}],"wp:attachment":[{"href":"https:\/\/arktisenlapinys.fi\/sms-fi\/wp-json\/wp\/v2\/media?parent=1820"}],"curies":[{"name":"wp","href":"https:\/\/api.w.org\/{rel}","templated":true}]}}