{"id":1798,"date":"2020-03-11T08:28:25","date_gmt":"2020-03-11T06:28:25","guid":{"rendered":"https:\/\/arktisenlapinys.fi\/?page_id=1798"},"modified":"2025-01-21T14:55:43","modified_gmt":"2025-01-21T12:55:43","slug":"laa%ca%b9pp-da-vuappamaa%ca%b9ss","status":"publish","type":"page","link":"https:\/\/arktisenlapinys.fi\/sms-fi\/laa%ca%b9pp-da-vuappamaa%ca%b9ss\/","title":{"rendered":"L\u00e5\u00e5\u02b9pp- da vu\u00e5pp\u00e2m\u00e4\u00e4\u02b9\u0161\u0161"},"content":{"rendered":"\n<div class=\"wp-block-group has-global-padding is-layout-constrained wp-block-group-is-layout-constrained\">\n<div class=\"wp-block-columns is-layout-flex wp-container-core-columns-is-layout-1 wp-block-columns-is-layout-flex\">\n<div class=\"wp-block-column is-layout-flow wp-block-column-is-layout-flow\" style=\"flex-basis:66.66%\">\n<div class=\"wp-block-group is-layout-flow wp-block-group-is-layout-flow\">\n<h2 class=\"wp-block-heading\">Pirr\u00f5sl\u00e5\u00e5\u02b9pp<\/h2>\n\n\n\n<div class=\"wp-block-group has-alys-trans-red-background-color has-background has-global-padding is-layout-constrained wp-container-core-group-is-layout-1 wp-block-group-is-layout-constrained\" style=\"border-radius:1.75em;margin-top:1em;margin-bottom:1em;padding-top:2em;padding-right:1em;padding-bottom:2em;padding-left:1em\">\n<p>Pirr\u00f5sl\u00e5\u00e5\u02b9v v\u00e4rrsa toi\u02b9mmjummu\u017e k\u00e4unn\u02bcje pirr\u00f5s-su\u00f5jjleml\u00e4\u00e4\u02b9jjest. Ooccm\u00f5\u02b9\u0161\u0161e \u00e2\u02b9l\u01e7\u01e7e \u00f5htteed \u00e4\u00e4\u02b9\u0161\u0161 \u01e9i\u00f5tt\u02bct\u00f5\u00f5llm\u00f5\u00f5\u017e\u017e di\u00f5tt taarbla\u017e \u010di\u00f5l\u01e5t\u00f5\u00f5zz t\u00f5n mie\u02b9ldd \u01e5u pirr\u00f5s-su\u00f5jjlemaset\u00f5\u00f5zz\u00e2st lij \u0161i\u00f5ttuum. T\u00e4\u00e4\u02b9r\u01e9ab pirr\u00f5sloo\u02b9vi oocc\u00e2mvu\u00e4pp\u00f5\u00f5zz da -lomaakkid kaaunak\u00a0<a href=\"https:\/\/www.ymparisto.fi\/fi-FI\/Asiointi_luvat_ja_ymparistovaikutusten_arviointi\/Luvat_ilmoitukset_ja_rekisterointi\/Ymparistolupa\/Miten_ymparistolupa_haetaan__ohjeet_ja_lomakkeet\" target=\"_blank\" rel=\"noreferrer noopener\"><mark style=\"background-color:rgba(0, 0, 0, 0);color:#3c1cc0\" class=\"has-inline-color\">pirr\u00f5svaald\u00e2\u0161m \u00f5httsa\u017e ne\u02b9ttk\u00e4\u00e4zzk\u00f5\u00f5zz\u00e2st<\/mark><\/a>.<\/p>\n<\/div>\n\n\n\n<hr class=\"wp-block-separator has-css-opacity\" style=\"margin-top:2em;margin-bottom:4em\"\/>\n<\/div>\n\n\n\n<div class=\"wp-block-group is-layout-flow wp-block-group-is-layout-flow\">\n<h2 class=\"wp-block-heading\">Rekister\u00e2\u02b9sttemi\u02b9lmmt\u00f5s<\/h2>\n\n\n\n<div class=\"wp-block-group has-alys-trans-red-background-color has-background has-global-padding is-layout-constrained wp-container-core-group-is-layout-3 wp-block-group-is-layout-constrained\" style=\"border-radius:1.75em;margin-top:1em;margin-bottom:1em;padding-top:2em;padding-right:1em;padding-bottom:2em;padding-left:1em\">\n<p>Rekister\u00e2\u02b9sttem vu\u00e2la t\u00e5\u00e5im li\u00e2 j\u00e4\u00e4nm\u00f5s energiapuu\u02b9t\u02bctemstroi\u02b9ttlin, kool\u01e5\u00e2spu\u00e4lddemaunnsi jue\u02b9\u01e9\u01e9ems\u00e2jld\u00f5\u00f5\u01e5\u01e5in da asfaltts\u00e2jld\u00f5\u00f5\u01e5\u01e5in, kooi pu\u00e4\u02b9lddemaaun\u00e2svi\u00f5kk lij vu\u00e2lla 50 MW. L\u00e2\u00e2\u02b9ssen pirr\u00f5s-su\u00f5jjleml\u00e4\u00e4\u02b9jj me\u00e2ldd\u00f5\u00f5zz\u00e2st 2 pe\u00e4ggtum kemiaal\u02bcla\u017e p\u00f5zld\u00f5kstroi\u02b9ttel da orgaanla\u017eliuggeemaunnsid\u00f5\u00f5\u02b9nni toi\u02b9mmjummu\u017e \u00e2\u02b9l\u01e7\u01e7e rekister\u00e2\u02b9stted.<\/p>\n\n\n\n<p>Rekister\u00e2\u02b9sttemi\u02b9lmmt\u00f5\u00f5zz \u00f5\u00f5l\u01e5teei toi\u02b9mmjummu\u017e vuei\u02b9tet altteed, \u01e5u k\u00e5\u00e5\u02b9dd pirr\u00f5s-su\u00f5jjlemve\u02b9r\u01e7\u01e7ne\u01e9 lij rekister\u00e2sttam toi\u02b9mmjummu\u017e le\u02b9be i\u02b9lmmt\u00f5\u00f5zz ku\u00e2\u0111\u0111m\u00f5\u00f5\u017e\u017e\u00e2st lij m\u00f5\u00f5nn\u00e2m toi\u02b9mmjumm\u0161est \u01e9idd \u00e5\u00e5ree\u02b9l 30-60 pei\u02b9vved. Rekister\u00e2sttm\u00f5\u00f5\u017e\u017e\u00e2st pe\u02b9rrjet m\u00e4\u00e4us. T\u00e4\u00e4\u02b9r\u01e9ab rekister\u00e2\u02b9sttemi\u02b9lmmt\u00f5svu\u00e4pp\u00f5\u00f5zzid da lomaakkid kaaunak\u00a0<a href=\"https:\/\/www.ymparisto.fi\/fi-FI\/Asiointi_luvat_ja_ymparistovaikutusten_arviointi\/Luvat_ilmoitukset_ja_rekisterointi\/Ymparistonsuojelulain_mukainen_rekisterointi\" target=\"_blank\" rel=\"noreferrer noopener\"><mark style=\"background-color:rgba(0, 0, 0, 0);color:#3c1cc0\" class=\"has-inline-color\">pirr\u00f5svaald\u00e2\u0161m \u00f5httsa\u017e ne\u02b9ttk\u00e4\u00e4zzk\u00f5\u00f5zz\u00e2st<\/mark><\/a>.<\/p>\n<\/div>\n\n\n\n<hr class=\"wp-block-separator has-css-opacity\" style=\"margin-top:2em;margin-bottom:4em\"\/>\n<\/div>\n\n\n\n<div class=\"wp-block-group is-layout-flow wp-block-group-is-layout-flow\">\n<h2 class=\"wp-block-heading\">Grommi le\u02b9be tu\u00e4\u02b9rjst\u00f5\u00f5zz \u0161\u00f5ddeei toi\u02b9mmjummu\u017e ku\u00f5skki i\u02b9lmmt\u00f5s<\/h2>\n\n\n\n<div class=\"wp-block-group has-alys-trans-red-background-color has-background has-global-padding is-layout-constrained wp-container-core-group-is-layout-5 wp-block-group-is-layout-constrained\" style=\"border-radius:1.75em;margin-top:1em;margin-bottom:1em;padding-top:2em;padding-right:1em;padding-bottom:2em;padding-left:1em\">\n<p>Pirr\u00f5s-su\u00f5jjleml\u00e4\u00e4\u02b9jj 118 \u00a7 me\u00e2ldl\u00e2nji toi\u02b9mmnee\u02b9\u01e9\u01e9 \u00e2lgg raajj\u00e2d k\u00e5\u00e5\u02b9dd pirr\u00f5s-su\u00f5jjlemve\u02b9r\u01e7\u01e7nekka \u01e9eerjla\u017e i\u02b9lmmt\u00f5s k\u00f5skkpoddsa\u017e grommi le\u02b9be tu\u00e4\u02b9rjst\u00f5\u00f5zz \u0161\u00f5ddeem t\u00e5\u00e5imast le\u02b9be \u0161\u00f5ddm\u00f5\u00f5\u017e\u017e\u00e2st. I\u02b9lmmt\u00f5s \u00e2lgg kue\u02b9\u0111\u0111ed m\u00e2\u00e2im\u00f5\u00f5zz\u00e2st 30 sutkk\u00e2d oudd\u00e2l toi\u02b9mmjummu\u017e altteem\u00e4\u00e4i\u02b9jpoodd. T\u00e4\u00e4\u02b9r\u01e9ab vu\u00e4pp\u00f5\u00f5zzid da i\u02b9lmmtemlomaakkid kaaunak\u00a0<a href=\"https:\/\/www.ymparisto.fi\/fi-FI\/Asiointi_luvat_ja_ymparistovaikutusten_arviointi\/Luvat_ilmoitukset_ja_rekisterointi\/YSLn_kertaluonteisen_toiminnan_ilmoitusmenettely\" target=\"_blank\" rel=\"noreferrer noopener\"><mark style=\"background-color:rgba(0, 0, 0, 0);color:#3c1cc0\" class=\"has-inline-color\">pirr\u00f5svaald\u00e2\u0161m \u00f5httsa\u017e ne\u02b9ttk\u00e4\u00e4zzk\u00f5\u00f5zz\u00e2st<\/mark><\/a>.<\/p>\n<\/div>\n\n\n\n<hr class=\"wp-block-separator has-css-opacity\" style=\"margin-top:2em;margin-bottom:4em\"\/>\n<\/div>\n\n\n\n<div class=\"wp-block-group is-layout-flow wp-block-group-is-layout-flow\">\n<h2 class=\"wp-block-heading\">Pirr\u00f5s-su\u00f5jjleml\u00e4\u00e4\u02b9jj me\u00e2ldla\u017e \u00f5\u00f5lm\u00e2s i\u02b9lmmtem-m\u00f5\u00f5nt\u00f5\u00f5llm\u00f5\u0161<\/h2>\n\n\n\n<div class=\"wp-block-group has-alys-trans-red-background-color has-background has-global-padding is-layout-constrained wp-container-core-group-is-layout-7 wp-block-group-is-layout-constrained\" style=\"border-radius:1.75em;margin-top:1em;margin-bottom:1em;padding-top:2em;padding-right:1em;padding-bottom:2em;padding-left:1em\">\n<p>Toi\u02b9mmjummu\u017e i\u02b9lmmtem\u00f5\u00f5l\u01e5temvu\u00f5\u0111\u00e2st \u0161i\u00f5tteet pirr\u00f5s-su\u00f5jjleml\u00e4\u00e4\u02b9jj 115 a \u00a7:st da i\u02b9lmmtemv\u00e4rrsa\u017e toi\u02b9mmjummu\u017e li\u00e2 loo\u01e5\u01e5t\u00f5llum l\u00e4\u00e4\u02b9jj me\u00e2ldd\u00f5\u00f5zz\u00e2st 4. I\u02b9lmmt\u00f5s \u00e2lgg kue\u02b9\u0111\u0111ed t\u00e5immjemv\u00e4\u00e4ldla\u017e ve\u02b9r\u01e7\u01e7nekka m\u00e2\u00e2im\u00f5\u00f5zz\u00e2st 120 pei\u02b9vved oudd\u00e2l toi\u02b9mmjummu\u017e plaanuum alttummu\u017e. L\u00e2\u00e2\u02b9sste\u00e2\u0111 k\u00e4unn\u02bcje\u00a0<a href=\"https:\/\/www.ymparisto.fi\/fi-FI\/Asiointi_luvat_ja_ymparistovaikutusten_arviointi\/Luvat_ilmoitukset_ja_rekisterointi\/YSLn_yleinen_ilmoitusmenettely\" target=\"_blank\" rel=\"noreferrer noopener\"><mark style=\"background-color:rgba(0, 0, 0, 0);color:#3c1cc0\" class=\"has-inline-color\">pirr\u00f5svaald\u00e2\u0161m \u00f5httsa\u017e ne\u02b9ttk\u00e4\u00e4zzk\u00f5\u00f5zz\u00e2st<\/mark><\/a>.<\/p>\n<\/div>\n\n\n\n<hr class=\"wp-block-separator has-css-opacity\" style=\"margin-top:2em;margin-bottom:4em\"\/>\n<\/div>\n<\/div>\n\n\n\n<div class=\"wp-block-column is-layout-flow wp-block-column-is-layout-flow\" style=\"flex-basis:33.33%\">\n<h3 class=\"wp-block-heading\">Asiakirjat<\/h3>\n\n\n\n<div class=\"wp-block-group links is-layout-flow wp-block-group-is-layout-flow\" style=\"margin-top:1em;margin-bottom:1em\">\n<div class=\"wp-block-file has-link-color wp-elements-f9478ad37c4fae6c37fc3f3c290ef25c\"><a href=\"https:\/\/arktisenlapinys.fi\/wp-content\/uploads\/ymparistonsuojeluviranomaisen_vakuuksien_kasittelyn_periaatteet_2023_227493-1.pdf\">Maa-aineslain ja ymp\u00e4rist\u00f6nsuojelulain mukaiset vakuudet (pdf)<\/a><\/div>\n\n\n\n<div class=\"wp-block-file has-link-color wp-elements-10497242e01c807cb628b89421f6bdc3\"><a href=\"https:\/\/arktisenlapinys.fi\/wp-content\/uploads\/ymparistonsuojeluviranomaisen_taksa_2023_227489-1.pdf\">Ymp\u00e4rist\u00f6nsuojeluviranomaisen taksa (pdf)<\/a><\/div>\n<\/div>\n\n\n\n<h3 class=\"wp-block-heading links\" style=\"margin-top:1em;margin-bottom:1em\">Linkit<\/h3>\n\n\n\n<p class=\"links\" style=\"margin-top:1em;margin-bottom:1em\"><a href=\"https:\/\/www.finlex.fi\/fi\/laki\/ajantasa\/2014\/20140527\">Ymp\u00e4rist\u00f6nsuojelulaki (527\/2014)<\/a><\/p>\n\n\n\n<p class=\"links\" style=\"margin-top:1em;margin-bottom:1em\"><a href=\"https:\/\/www.finlex.fi\/fi\/laki\/ajantasa\/2014\/20140713\">Ymp\u00e4rist\u00f6nsuojeluasetus (713\/2014)<\/a><\/p>\n<\/div>\n<\/div>\n<\/div>\n","protected":false},"excerpt":{"rendered":"<p>Pirr\u00f5sl\u00e5\u00e5\u02b9pp Pirr\u00f5sl\u00e5\u00e5\u02b9v v\u00e4rrsa toi\u02b9mmjummu\u017e k\u00e4unn\u02bcje pirr\u00f5s-su\u00f5jjleml\u00e4\u00e4\u02b9jjest. Ooccm\u00f5\u02b9\u0161\u0161e \u00e2\u02b9l\u01e7\u01e7e \u00f5htteed \u00e4\u00e4\u02b9\u0161\u0161 \u01e9i\u00f5tt\u02bct\u00f5\u00f5llm\u00f5\u00f5\u017e\u017e di\u00f5tt taarbla\u017e \u010di\u00f5l\u01e5t\u00f5\u00f5zz t\u00f5n mie\u02b9ldd \u01e5u pirr\u00f5s-su\u00f5jjlemaset\u00f5\u00f5zz\u00e2st lij \u0161i\u00f5ttuum. T\u00e4\u00e4\u02b9r\u01e9ab pirr\u00f5sloo\u02b9vi oocc\u00e2mvu\u00e4pp\u00f5\u00f5zz da -lomaakkid kaaunak\u00a0pirr\u00f5svaald\u00e2\u0161m \u00f5httsa\u017e ne\u02b9ttk\u00e4\u00e4zzk\u00f5\u00f5zz\u00e2st. Rekister\u00e2\u02b9sttemi\u02b9lmmt\u00f5s Rekister\u00e2\u02b9sttem vu\u00e2la t\u00e5\u00e5im li\u00e2 j\u00e4\u00e4nm\u00f5s energiapuu\u02b9t\u02bctemstroi\u02b9ttlin, kool\u01e5\u00e2spu\u00e4lddemaunnsi jue\u02b9\u01e9\u01e9ems\u00e2jld\u00f5\u00f5\u01e5\u01e5in da asfaltts\u00e2jld\u00f5\u00f5\u01e5\u01e5in, kooi pu\u00e4\u02b9lddemaaun\u00e2svi\u00f5kk lij vu\u00e2lla 50 MW. L\u00e2\u00e2\u02b9ssen pirr\u00f5s-su\u00f5jjleml\u00e4\u00e4\u02b9jj me\u00e2ldd\u00f5\u00f5zz\u00e2st 2 pe\u00e4ggtum kemiaal\u02bcla\u017e p\u00f5zld\u00f5kstroi\u02b9ttel da orgaanla\u017eliuggeemaunnsid\u00f5\u00f5\u02b9nni toi\u02b9mmjummu\u017e [&hellip;]<\/p>\n","protected":false},"author":1,"featured_media":1708,"parent":0,"menu_order":0,"comment_status":"closed","ping_status":"closed","template":"","meta":{"footnotes":""},"class_list":["post-1798","page","type-page","status-publish","has-post-thumbnail","hentry"],"_links":{"self":[{"href":"https:\/\/arktisenlapinys.fi\/sms-fi\/wp-json\/wp\/v2\/pages\/1798","targetHints":{"allow":["GET"]}}],"collection":[{"href":"https:\/\/arktisenlapinys.fi\/sms-fi\/wp-json\/wp\/v2\/pages"}],"about":[{"href":"https:\/\/arktisenlapinys.fi\/sms-fi\/wp-json\/wp\/v2\/types\/page"}],"author":[{"embeddable":true,"href":"https:\/\/arktisenlapinys.fi\/sms-fi\/wp-json\/wp\/v2\/users\/1"}],"replies":[{"embeddable":true,"href":"https:\/\/arktisenlapinys.fi\/sms-fi\/wp-json\/wp\/v2\/comments?post=1798"}],"version-history":[{"count":4,"href":"https:\/\/arktisenlapinys.fi\/sms-fi\/wp-json\/wp\/v2\/pages\/1798\/revisions"}],"predecessor-version":[{"id":2445,"href":"https:\/\/arktisenlapinys.fi\/sms-fi\/wp-json\/wp\/v2\/pages\/1798\/revisions\/2445"}],"wp:featuredmedia":[{"embeddable":true,"href":"https:\/\/arktisenlapinys.fi\/sms-fi\/wp-json\/wp\/v2\/media\/1708"}],"wp:attachment":[{"href":"https:\/\/arktisenlapinys.fi\/sms-fi\/wp-json\/wp\/v2\/media?parent=1798"}],"curies":[{"name":"wp","href":"https:\/\/api.w.org\/{rel}","templated":true}]}}