{"id":1913,"date":"2024-09-11T14:31:13","date_gmt":"2024-09-11T11:31:13","guid":{"rendered":"https:\/\/arktisenlapinys.fi\/?page_id=1913"},"modified":"2024-10-11T14:29:46","modified_gmt":"2024-10-11T11:29:46","slug":"pirassuojalemmiaradasah","status":"publish","type":"page","link":"https:\/\/arktisenlapinys.fi\/smn-fi\/pirassuojalemmiaradasah\/","title":{"rendered":"Pir\u00e2ssuoj\u00e2lemmi\u00e4r\u00e1d\u00e2sah"},"content":{"rendered":"\n<div class=\"wp-block-group has-global-padding is-layout-constrained wp-block-group-is-layout-constrained\">\n<div class=\"wp-block-columns is-layout-flex wp-container-core-columns-is-layout-1 wp-block-columns-is-layout-flex\">\n<div class=\"wp-block-column is-layout-flow wp-block-column-is-layout-flow\" style=\"flex-basis:66.66%\">\n<div class=\"wp-block-group is-layout-flow wp-block-group-is-layout-flow\">\n<h2 class=\"wp-block-heading\">Pir\u00e2ssuoj\u00e2&shy;lemmi\u00e4r\u00e1d\u00e2sah<\/h2>\n\n\n\n<div class=\"wp-block-group has-alys-trans-red-background-color has-background has-global-padding is-layout-constrained wp-container-core-group-is-layout-1 wp-block-group-is-layout-constrained\" style=\"border-radius:1.75em;margin-top:1em;margin-bottom:1em;padding-top:2em;padding-right:1em;padding-bottom:2em;padding-left:1em\">\n<p>Arkt\u00e2sii Laapi pir\u00e2ssuoj\u00e2lem toim\u00e2ku\u00e1vlu kield\u00e2in I\u00e4nuduv\u00e2st, Anarist j\u00e1 Ucjuuv\u00e2st l\u00e1\u00e1 rahtum pir\u00e2ssuoj\u00e2lemmi\u00e4r\u00e1d\u00e2sah, moh vu\u00e1\u0111uduveh p\u00e1ih\u00e1l\u00e1id tiilijd j\u00e1 maid kalga nu\u00e1vditti\u0111 lah\u00e2as\u00e2ttem paald\u00e2st. Jie\u0161kote-uv kield\u00e2 mi\u00e4r\u00e1d\u00e2sah l\u00e1\u00e1 kavn\u00e2mist siij\u0111o u\u00e1lgispele roobd\u00e2st teik\u00e2 moobiilrustigist siij\u0111o loop\u00e2st. <\/p>\n\n\n\n<p>Pir\u00e2ssuoj\u00e2lemmi\u00e4r\u00e1d\u00e2s\u00e2i peividem sehe mi\u00e4r\u00e1d\u00e2s\u00e2i r\u00e4htim Su\u00e1\u0111igil j\u00e1 Muonio kield\u00e2i ku\u00e1vlust l\u00e1\u00e1 eidu joo\u0111oost (2024\u20132025). Peividem lii onnum \u00e4igikyevdilin muttum lah\u00e2as\u00e2ttem sehe vu\u00e1h\u00e1duv\u00e2i \u010dielg\u00e2smittem kee\u017eild. Valm\u00e2\u0161t\u00e2ll\u00e2m v\u00e1r\u00e1s lii vu\u00e1\u0111udum pargoju\u00e1vkku, moos kuleh ALP (Arkt\u00e2sii Laapi pir\u00e2ssuoj\u00e2lem) pir\u00e2shovd\u00e2 sehe ovd\u00e2steijeeh toim\u00e2ku\u00e1vlu jyehi kield\u00e2st. <\/p>\n\n\n\n<p>Ko valm\u00e2\u0161t\u00e2ll\u00e2m ovd\u00e1n, te v\u00e1ldoo oht\u00e2vuot\u00e2 sier\u00e2 \u010don\u00e2sju\u00e1vhoid j\u00e1 kield\u00e2\u00e4sseid v\u00e4riduvvoo m\u00e1h\u0111ul\u00e2\u0161vuot\u00e2 vaigutti\u0111. M\u00e1h\u0111ulij til\u00e1l\u00e2\u0161vuo\u0111\u00e2i tooll\u00e2m j\u00e1 tai \u00e4igitavlu t\u00e4rhi\u0161uveh, ko valm\u00e2\u0161t\u00e2ll\u00e2mpargo ovd\u00e1n.<\/p>\n<\/div>\n\n\n\n<hr class=\"wp-block-separator has-alpha-channel-opacity\" style=\"margin-top:2em;margin-bottom:4em\"\/>\n<\/div>\n<\/div>\n\n\n\n<div class=\"wp-block-column is-layout-flow wp-block-column-is-layout-flow\" style=\"flex-basis:33.33%\">\n<h3 class=\"wp-block-heading\">Asiakirjat<\/h3>\n\n\n\n<div class=\"wp-block-file links\"><a id=\"wp-block-file--media-d56d7606-adf6-4fdc-8e4b-358d86cf36fc\" href=\"https:\/\/arktisenlapinys.fi\/wp-content\/uploads\/Enonteki\u00f6n-kunnan-ymp\u00e4rist\u00f6nsuojelum\u00e4\u00e4r\u00e4ykset.pdf\">Enonteki\u00f6n kunnan ymp\u00e4rist\u00f6nsuojelum\u00e4\u00e4r\u00e4ykset (pdf)<\/a><\/div>\n\n\n\n<div class=\"wp-block-file links\"><a id=\"wp-block-file--media-ed628a62-eb7f-4ecb-9e9b-4cf556861663\" href=\"https:\/\/arktisenlapinys.fi\/wp-content\/uploads\/Inarin-kunnan-ymp\u00e4rist\u00f6nsuojelum\u00e4\u00e4r\u00e4ykset.pdf\">Inarin kunnan ymp\u00e4rist\u00f6nsuojelum\u00e4\u00e4r\u00e4ykset (pdf)<\/a><\/div>\n\n\n\n<div class=\"wp-block-file links\"><a id=\"wp-block-file--media-986aa24d-30f3-4fe9-8d51-da41b4f89442\" href=\"https:\/\/arktisenlapinys.fi\/wp-content\/uploads\/UTSJOKI_Voimassaolevat_ysm\u00e4\u00e4r\u00e4ykset.pdf\">Utsjoen kunnan ymp\u00e4rist\u00f6nsuojelum\u00e4\u00e4r\u00e4ykset (pdf)<\/a><\/div>\n<\/div>\n<\/div>\n<\/div>\n","protected":false},"excerpt":{"rendered":"<p>Pir\u00e2ssuoj\u00e2&shy;lemmi\u00e4r\u00e1d\u00e2sah Arkt\u00e2sii Laapi pir\u00e2ssuoj\u00e2lem toim\u00e2ku\u00e1vlu kield\u00e2in I\u00e4nuduv\u00e2st, Anarist j\u00e1 Ucjuuv\u00e2st l\u00e1\u00e1 rahtum pir\u00e2ssuoj\u00e2lemmi\u00e4r\u00e1d\u00e2sah, moh vu\u00e1\u0111uduveh p\u00e1ih\u00e1l\u00e1id tiilijd j\u00e1 maid kalga nu\u00e1vditti\u0111 lah\u00e2as\u00e2ttem paald\u00e2st. Jie\u0161kote-uv kield\u00e2 mi\u00e4r\u00e1d\u00e2sah l\u00e1\u00e1 kavn\u00e2mist siij\u0111o u\u00e1lgispele roobd\u00e2st teik\u00e2 moobiilrustigist siij\u0111o loop\u00e2st. Pir\u00e2ssuoj\u00e2lemmi\u00e4r\u00e1d\u00e2s\u00e2i peividem sehe mi\u00e4r\u00e1d\u00e2s\u00e2i r\u00e4htim Su\u00e1\u0111igil j\u00e1 Muonio kield\u00e2i ku\u00e1vlust l\u00e1\u00e1 eidu joo\u0111oost (2024\u20132025). Peividem lii onnum \u00e4igikyevdilin muttum lah\u00e2as\u00e2ttem [&hellip;]<\/p>\n","protected":false},"author":1,"featured_media":1625,"parent":0,"menu_order":0,"comment_status":"closed","ping_status":"closed","template":"","meta":{"footnotes":""},"class_list":["post-1913","page","type-page","status-publish","has-post-thumbnail","hentry"],"_links":{"self":[{"href":"https:\/\/arktisenlapinys.fi\/smn-fi\/wp-json\/wp\/v2\/pages\/1913","targetHints":{"allow":["GET"]}}],"collection":[{"href":"https:\/\/arktisenlapinys.fi\/smn-fi\/wp-json\/wp\/v2\/pages"}],"about":[{"href":"https:\/\/arktisenlapinys.fi\/smn-fi\/wp-json\/wp\/v2\/types\/page"}],"author":[{"embeddable":true,"href":"https:\/\/arktisenlapinys.fi\/smn-fi\/wp-json\/wp\/v2\/users\/1"}],"replies":[{"embeddable":true,"href":"https:\/\/arktisenlapinys.fi\/smn-fi\/wp-json\/wp\/v2\/comments?post=1913"}],"version-history":[{"count":4,"href":"https:\/\/arktisenlapinys.fi\/smn-fi\/wp-json\/wp\/v2\/pages\/1913\/revisions"}],"predecessor-version":[{"id":2048,"href":"https:\/\/arktisenlapinys.fi\/smn-fi\/wp-json\/wp\/v2\/pages\/1913\/revisions\/2048"}],"wp:featuredmedia":[{"embeddable":true,"href":"https:\/\/arktisenlapinys.fi\/smn-fi\/wp-json\/wp\/v2\/media\/1625"}],"wp:attachment":[{"href":"https:\/\/arktisenlapinys.fi\/smn-fi\/wp-json\/wp\/v2\/media?parent=1913"}],"curies":[{"name":"wp","href":"https:\/\/api.w.org\/{rel}","templated":true}]}}