{"id":1773,"date":"2020-03-11T08:28:25","date_gmt":"2020-03-11T06:28:25","guid":{"rendered":"https:\/\/arktisenlapinys.fi\/?page_id=1773"},"modified":"2025-01-21T14:44:21","modified_gmt":"2025-01-21T12:44:21","slug":"lope-ja-kocceemaasih","status":"publish","type":"page","link":"https:\/\/arktisenlapinys.fi\/smn-fi\/lope-ja-kocceemaasih\/","title":{"rendered":"Lope- j\u00e1 kocceem\u00e4\u00e4\u0161ih"},"content":{"rendered":"\n<div class=\"wp-block-group has-global-padding is-layout-constrained wp-block-group-is-layout-constrained\">\n<div class=\"wp-block-columns is-layout-flex wp-container-core-columns-is-layout-1 wp-block-columns-is-layout-flex\">\n<div class=\"wp-block-column is-layout-flow wp-block-column-is-layout-flow\" style=\"flex-basis:66.66%\">\n<div class=\"wp-block-group is-layout-flow wp-block-group-is-layout-flow\">\n<h2 class=\"wp-block-heading\">Pir\u00e2slope<\/h2>\n\n\n\n<div class=\"wp-block-group has-alys-trans-red-background-color has-background has-global-padding is-layout-constrained wp-container-core-group-is-layout-1 wp-block-group-is-layout-constrained\" style=\"border-radius:1.75em;margin-top:1em;margin-bottom:1em;padding-top:2em;padding-right:1em;padding-bottom:2em;padding-left:1em\">\n<p>Pir\u00e2slove vu\u00e1l\u00e1siih tooimah k\u00e1vnojeh pir\u00e2ssuoj\u00e2lemlaav\u00e2st. Uc\u00e2mu\u0161\u00e2n kalga lahte\u0111 \u00e4\u00e4\u0161i kie\u0111\u00e2vu\u0161\u0161\u00e2m v\u00e1r\u00e1s t\u00e1rbulijd \u010dielgiitt\u00e2s\u00e2id ton mield, ko pir\u00e2ssuoj\u00e2lemas\u00e2tt\u00e2s\u00e2st lii as\u00e2ttum. T\u00e4rhibijd pir\u00e2sluuvij uucc\u00e2mravvuid j\u00e1 -lu\u00e1m\u00e1ttuv\u00e2id tun kaavnah <a href=\"https:\/\/www.ymparisto.fi\/fi-FI\/Asiointi_luvat_ja_ymparistovaikutusten_arviointi\/Luvat_ilmoitukset_ja_rekisterointi\/Ymparistolupa\/Miten_ymparistolupa_haetaan__ohjeet_ja_lomakkeet\"><mark style=\"background-color:rgba(0, 0, 0, 0);color:#3c1cc0\" class=\"has-inline-color\">pir\u00e2shald\u00e2ttuv ohtsii nettipalv\u00e2lus\u00e2st<\/mark><\/a>.<\/p>\n<\/div>\n\n\n\n<hr class=\"wp-block-separator has-css-opacity\" style=\"margin-top:2em;margin-bottom:4em\"\/>\n<\/div>\n\n\n\n<div class=\"wp-block-group is-layout-flow wp-block-group-is-layout-flow\">\n<h2 class=\"wp-block-heading\">Registeristemalmott\u00e2s<\/h2>\n\n\n\n<div class=\"wp-block-group has-alys-trans-red-background-color has-background has-global-padding is-layout-constrained wp-container-core-group-is-layout-3 wp-block-group-is-layout-constrained\" style=\"border-radius:1.75em;margin-top:1em;margin-bottom:1em;padding-top:2em;padding-right:1em;padding-bottom:2em;padding-left:1em\">\n<p>Registeristem v\u00e4ttee tooimah l\u00e1\u00e1 i\u00e4n\u00e1\u00e1\u0161 u\u00e1si pu\u00e1ldimamn\u00e2svu\u00e1im\u00e1l\u00e2\u0161vuo\u0111\u00e2 h\u00e1\u00e1r\u00e1n vu\u00e1l\u00e1 50 MW energiapyevtitt\u00e2sl\u00e1j\u00e1d\u00e2s\u00e2in, kolgospu\u00e1ldimamn\u00e2sij jyehimsajattuv\u00e2in j\u00e1 asfaltsajattuv\u00e2in. Toos lasseen pir\u00e2ssuoj\u00e2lemlaav\u00e2 lahtosist 2 main\u00e2\u0161um kemialijd pos\u00e2lemsoojijd sehe orgaanlijd laggiitt\u00e2s\u00e2id kevttee tooim\u00e2id kalga registeristi\u0111.<\/p>\n\n\n\n<p>Registeristemalmott\u00e2s v\u00e4ttee tooim\u00e2 pu\u00e1ht\u00e1 alg\u00e2tti\u0111, ko kield\u00e2 pir\u00e2ssuoj\u00e2lemvirgeom\u00e2h\u00e2\u0161 lii registerist\u00e1m tooim\u00e2 t\u00e2i almott\u00e2s kye\u0111\u0111imist lii moonn\u00e2m 30-60 peivid, tooim\u00e2 mield. Registeristmist pi\u00e4rroo m\u00e1ksu. T\u00e4rhibijd registeristemalmott\u00e2sravvuid j\u00e1 lu\u00e1m\u00e1ttuv\u00e2id tun kaavnah\u00a0<a href=\"https:\/\/www.ymparisto.fi\/fi-FI\/Asiointi_luvat_ja_ymparistovaikutusten_arviointi\/Luvat_ilmoitukset_ja_rekisterointi\/Ymparistonsuojelulain_mukainen_rekisterointi\"><mark style=\"background-color:rgba(0, 0, 0, 0);color:#3c1cc0\" class=\"has-inline-color\">pir\u00e2shald\u00e2ttuv ohtsii nettipalv\u00e2lus\u00e2st<\/mark><\/a>.<\/p>\n<\/div>\n\n\n\n<hr class=\"wp-block-separator has-css-opacity\" style=\"margin-top:2em;margin-bottom:4em\"\/>\n<\/div>\n\n\n\n<div class=\"wp-block-group is-layout-flow wp-block-group-is-layout-flow\">\n<h2 class=\"wp-block-heading\">Laarm\u00e2 t\u00e2i tu\u00e1rgistem tov\u00e2tteijee tooim\u00e2n kyeskee almottem<\/h2>\n\n\n\n<div class=\"wp-block-group has-alys-trans-red-background-color has-background has-global-padding is-layout-constrained wp-container-core-group-is-layout-5 wp-block-group-is-layout-constrained\" style=\"border-radius:1.75em;margin-top:1em;margin-bottom:1em;padding-top:2em;padding-right:1em;padding-bottom:2em;padding-left:1em\">\n<p>Pir\u00e2ssuoj\u00e2lemlaav\u00e2 118 \u00a7 mi\u00e4ld\u00e1s\u00e1vt toim\u00e2h\u00e1rjutteijee kalga tooh\u00e2\u0111 kield\u00e2 pir\u00e2ssuoj\u00e2lemvirgeom\u00e2h\u00e2\u017e\u00e2n kirj\u00e1lii almott\u00e2s kosk\u00e2pudd\u00e2sii laarm\u00e2 t\u00e2i tu\u00e1rgistem tov\u00e2tteijee tooim\u00e2st t\u00e2i t\u00e1b\u00e1htus\u00e2st. <\/p>\n\n\n\n<p>Almott\u00e2s kalga kye\u0111\u0111i\u0111 majemust\u00e1\u00e1 30 j\u00e1ndurid ovdil, ko toim\u00e2 \u00e1lg\u00e1. T\u00e4rhibijd ravvuid j\u00e1 almottemlu\u00e1m\u00e1ttuv\u00e2id tun kaavnah <a href=\"https:\/\/www.ymparisto.fi\/fi-FI\/Asiointi_luvat_ja_ymparistovaikutusten_arviointi\/Luvat_ilmoitukset_ja_rekisterointi\/YSLn_kertaluonteisen_toiminnan_ilmoitusmenettely\"><mark style=\"background-color:rgba(0, 0, 0, 0);color:#3c1cc0\" class=\"has-inline-color\">pir\u00e2shald\u00e2ttuv ohtsii nettipalv\u00e2lus\u00e2st<\/mark><\/a>.<\/p>\n<\/div>\n\n\n\n<hr class=\"wp-block-separator has-css-opacity\" style=\"margin-top:2em;margin-bottom:4em\"\/>\n<\/div>\n\n\n\n<div class=\"wp-block-group is-layout-flow wp-block-group-is-layout-flow\">\n<h2 class=\"wp-block-heading\">Pir\u00e2ssuoj\u00e2lemlaav\u00e2 mi\u00e4ld\u00e1s\u00e2\u0161 almos almottemmon\u00e2tt\u00e2ll\u00e2m<\/h2>\n\n\n\n<div class=\"wp-block-group has-alys-trans-red-background-color has-background has-global-padding is-layout-constrained wp-container-core-group-is-layout-7 wp-block-group-is-layout-constrained\" style=\"border-radius:1.75em;margin-top:1em;margin-bottom:1em;padding-top:2em;padding-right:1em;padding-bottom:2em;padding-left:1em\">\n<p>Tooim\u00e2 almottemkenig\u00e2svuo\u0111\u00e2st as\u00e2ttuvvoo pir\u00e2ssuoj\u00e2lemlaav\u00e2 115 a \u00a7:st j\u00e1 almottem vu\u00e1l\u00e1siih tooimah\u00a0 l\u00e1\u00e1 luv\u00e2tt\u00e2llum laav\u00e2 lahtosist 4. Almott\u00e2s kalga kye\u0111\u0111i\u0111 toim\u00e2v\u00e1ld\u00e1lii virgeom\u00e2h\u00e2\u017e\u00e2n majemust\u00e1\u00e1 120 peivid ovdil tooim\u00e2 vu\u00e1v\u00e1jum alg\u00e2ttem. Laseti\u00e4\u0111uh k\u00e1vnojeh <a href=\"https:\/\/www.ymparisto.fi\/fi-FI\/Asiointi_luvat_ja_ymparistovaikutusten_arviointi\/Luvat_ilmoitukset_ja_rekisterointi\/YSLn_yleinen_ilmoitusmenettely\"><mark style=\"background-color:rgba(0, 0, 0, 0);color:#3c1cc0\" class=\"has-inline-color\">pir\u00e2shald\u00e2ttuv ohtsii nettipalv\u00e2lus\u00e2st<\/mark><\/a>.<\/p>\n<\/div>\n\n\n\n<hr class=\"wp-block-separator has-css-opacity\" style=\"margin-top:2em;margin-bottom:4em\"\/>\n<\/div>\n<\/div>\n\n\n\n<div class=\"wp-block-column is-layout-flow wp-block-column-is-layout-flow\" style=\"flex-basis:33.33%\">\n<h3 class=\"wp-block-heading\">Asiakirjat<\/h3>\n\n\n\n<div class=\"wp-block-group links is-layout-flow wp-block-group-is-layout-flow\" style=\"margin-top:1em;margin-bottom:1em\">\n<div class=\"wp-block-file has-link-color wp-elements-f9478ad37c4fae6c37fc3f3c290ef25c\"><a href=\"https:\/\/arktisenlapinys.fi\/wp-content\/uploads\/ymparistonsuojeluviranomaisen_vakuuksien_kasittelyn_periaatteet_2023_227493-1.pdf\">Maa-aineslain ja ymp\u00e4rist\u00f6nsuojelulain mukaiset vakuudet (pdf)<\/a><\/div>\n\n\n\n<div class=\"wp-block-file has-link-color wp-elements-10497242e01c807cb628b89421f6bdc3\"><a href=\"https:\/\/arktisenlapinys.fi\/wp-content\/uploads\/ymparistonsuojeluviranomaisen_taksa_2023_227489-1.pdf\">Ymp\u00e4rist\u00f6nsuojeluviranomaisen taksa (pdf)<\/a><\/div>\n<\/div>\n\n\n\n<h3 class=\"wp-block-heading links\" style=\"margin-top:1em;margin-bottom:1em\">Linkit<\/h3>\n\n\n\n<p class=\"links\" style=\"margin-top:1em;margin-bottom:1em\"><a href=\"https:\/\/www.finlex.fi\/fi\/laki\/ajantasa\/2014\/20140527\">Ymp\u00e4rist\u00f6nsuojelulaki (527\/2014)<\/a><\/p>\n\n\n\n<p class=\"links\" style=\"margin-top:1em;margin-bottom:1em\"><a href=\"https:\/\/www.finlex.fi\/fi\/laki\/ajantasa\/2014\/20140713\">Ymp\u00e4rist\u00f6nsuojeluasetus (713\/2014)<\/a><\/p>\n<\/div>\n<\/div>\n<\/div>\n\n\n\n<p><\/p>\n","protected":false},"excerpt":{"rendered":"<p>Pir\u00e2slope Pir\u00e2slove vu\u00e1l\u00e1siih tooimah k\u00e1vnojeh pir\u00e2ssuoj\u00e2lemlaav\u00e2st. Uc\u00e2mu\u0161\u00e2n kalga lahte\u0111 \u00e4\u00e4\u0161i kie\u0111\u00e2vu\u0161\u0161\u00e2m v\u00e1r\u00e1s t\u00e1rbulijd \u010dielgiitt\u00e2s\u00e2id ton mield, ko pir\u00e2ssuoj\u00e2lemas\u00e2tt\u00e2s\u00e2st lii as\u00e2ttum. T\u00e4rhibijd pir\u00e2sluuvij uucc\u00e2mravvuid j\u00e1 -lu\u00e1m\u00e1ttuv\u00e2id tun kaavnah pir\u00e2shald\u00e2ttuv ohtsii nettipalv\u00e2lus\u00e2st. Registeristemalmott\u00e2s Registeristem v\u00e4ttee tooimah l\u00e1\u00e1 i\u00e4n\u00e1\u00e1\u0161 u\u00e1si pu\u00e1ldimamn\u00e2svu\u00e1im\u00e1l\u00e2\u0161vuo\u0111\u00e2 h\u00e1\u00e1r\u00e1n vu\u00e1l\u00e1 50 MW energiapyevtitt\u00e2sl\u00e1j\u00e1d\u00e2s\u00e2in, kolgospu\u00e1ldimamn\u00e2sij jyehimsajattuv\u00e2in j\u00e1 asfaltsajattuv\u00e2in. Toos lasseen pir\u00e2ssuoj\u00e2lemlaav\u00e2 lahtosist 2 main\u00e2\u0161um kemialijd pos\u00e2lemsoojijd [&hellip;]<\/p>\n","protected":false},"author":1,"featured_media":1706,"parent":0,"menu_order":0,"comment_status":"closed","ping_status":"closed","template":"","meta":{"footnotes":""},"class_list":["post-1773","page","type-page","status-publish","has-post-thumbnail","hentry"],"_links":{"self":[{"href":"https:\/\/arktisenlapinys.fi\/smn-fi\/wp-json\/wp\/v2\/pages\/1773","targetHints":{"allow":["GET"]}}],"collection":[{"href":"https:\/\/arktisenlapinys.fi\/smn-fi\/wp-json\/wp\/v2\/pages"}],"about":[{"href":"https:\/\/arktisenlapinys.fi\/smn-fi\/wp-json\/wp\/v2\/types\/page"}],"author":[{"embeddable":true,"href":"https:\/\/arktisenlapinys.fi\/smn-fi\/wp-json\/wp\/v2\/users\/1"}],"replies":[{"embeddable":true,"href":"https:\/\/arktisenlapinys.fi\/smn-fi\/wp-json\/wp\/v2\/comments?post=1773"}],"version-history":[{"count":6,"href":"https:\/\/arktisenlapinys.fi\/smn-fi\/wp-json\/wp\/v2\/pages\/1773\/revisions"}],"predecessor-version":[{"id":2435,"href":"https:\/\/arktisenlapinys.fi\/smn-fi\/wp-json\/wp\/v2\/pages\/1773\/revisions\/2435"}],"wp:featuredmedia":[{"embeddable":true,"href":"https:\/\/arktisenlapinys.fi\/smn-fi\/wp-json\/wp\/v2\/media\/1706"}],"wp:attachment":[{"href":"https:\/\/arktisenlapinys.fi\/smn-fi\/wp-json\/wp\/v2\/media?parent=1773"}],"curies":[{"name":"wp","href":"https:\/\/api.w.org\/{rel}","templated":true}]}}

Lope- já kocceemääših

<div class="wp-block-group has-global-padding is-layout-constrained wp-block-group-is-layout-constrained">
<div class="wp-block-columns is-layout-flex wp-container-core-columns-is-layout-1 wp-block-columns-is-layout-flex">
<div class="wp-block-column is-layout-flow wp-block-column-is-layout-flow" style="flex-basis:66.66%">
<div class="wp-block-group is-layout-flow wp-block-group-is-layout-flow">
<h2 class="wp-block-heading">Pirâslope</h2>



<div class="wp-block-group has-alys-trans-red-background-color has-background has-global-padding is-layout-constrained wp-container-core-group-is-layout-1 wp-block-group-is-layout-constrained" style="border-radius:1.75em;margin-top:1em;margin-bottom:1em;padding-top:2em;padding-right:1em;padding-bottom:2em;padding-left:1em">
<p>Pirâslove vuálásiih tooimah kávnojeh pirâssuojâlemlaavâst. Ucâmušân kalga lahteđ ääši kieđâvuššâm várás tárbulijd čielgiittâsâid ton mield, ko pirâssuojâlemasâttâsâst lii asâttum. Tärhibijd pirâsluuvij uuccâmravvuid já -luámáttuvâid tun kaavnah <a href="https://www.ymparisto.fi/fi-FI/Asiointi_luvat_ja_ymparistovaikutusten_arviointi/Luvat_ilmoitukset_ja_rekisterointi/Ymparistolupa/Miten_ymparistolupa_haetaan__ohjeet_ja_lomakkeet"><mark style="background-color:rgba(0, 0, 0, 0);color:#3c1cc0" class="has-inline-color">pirâshaldâttuv ohtsii nettipalvâlusâst</mark></a>.</p>
</div>



<hr class="wp-block-separator has-css-opacity" style="margin-top:2em;margin-bottom:4em"/>
</div>



<div class="wp-block-group is-layout-flow wp-block-group-is-layout-flow">
<h2 class="wp-block-heading">Registeristemalmottâs</h2>



<div class="wp-block-group has-alys-trans-red-background-color has-background has-global-padding is-layout-constrained wp-container-core-group-is-layout-3 wp-block-group-is-layout-constrained" style="border-radius:1.75em;margin-top:1em;margin-bottom:1em;padding-top:2em;padding-right:1em;padding-bottom:2em;padding-left:1em">
<p>Registeristem vättee tooimah láá iänááš uási puáldimamnâsvuáimálâšvuođâ háárán vuálá 50 MW energiapyevtittâslájádâsâin, kolgospuáldimamnâsij jyehimsajattuvâin já asfaltsajattuvâin. Toos lasseen pirâssuojâlemlaavâ lahtosist 2 mainâšum kemialijd posâlemsoojijd sehe orgaanlijd laggiittâsâid kevttee tooimâid kalga registeristiđ.</p>



<p>Registeristemalmottâs vättee tooimâ puáhtá algâttiđ, ko kieldâ pirâssuojâlemvirgeomâhâš lii registeristám tooimâ tâi almottâs kyeđđimist lii moonnâm 30-60 peivid, tooimâ mield. Registeristmist piärroo máksu. Tärhibijd registeristemalmottâsravvuid já luámáttuvâid tun kaavnah <a href="https://www.ymparisto.fi/fi-FI/Asiointi_luvat_ja_ymparistovaikutusten_arviointi/Luvat_ilmoitukset_ja_rekisterointi/Ymparistonsuojelulain_mukainen_rekisterointi"><mark style="background-color:rgba(0, 0, 0, 0);color:#3c1cc0" class="has-inline-color">pirâshaldâttuv ohtsii nettipalvâlusâst</mark></a>.</p>
</div>



<hr class="wp-block-separator has-css-opacity" style="margin-top:2em;margin-bottom:4em"/>
</div>



<div class="wp-block-group is-layout-flow wp-block-group-is-layout-flow">
<h2 class="wp-block-heading">Laarmâ tâi tuárgistem tovâtteijee tooimân kyeskee almottem</h2>



<div class="wp-block-group has-alys-trans-red-background-color has-background has-global-padding is-layout-constrained wp-container-core-group-is-layout-5 wp-block-group-is-layout-constrained" style="border-radius:1.75em;margin-top:1em;margin-bottom:1em;padding-top:2em;padding-right:1em;padding-bottom:2em;padding-left:1em">
<p>Pirâssuojâlemlaavâ 118 § miäldásávt toimâhárjutteijee kalga toohâđ kieldâ pirâssuojâlemvirgeomâhâžân kirjálii almottâs koskâpuddâsii laarmâ tâi tuárgistem tovâtteijee tooimâst tâi tábáhtusâst. </p>



<p>Almottâs kalga kyeđđiđ majemustáá 30 jándurid ovdil, ko toimâ álgá. Tärhibijd ravvuid já almottemluámáttuvâid tun kaavnah <a href="https://www.ymparisto.fi/fi-FI/Asiointi_luvat_ja_ymparistovaikutusten_arviointi/Luvat_ilmoitukset_ja_rekisterointi/YSLn_kertaluonteisen_toiminnan_ilmoitusmenettely"><mark style="background-color:rgba(0, 0, 0, 0);color:#3c1cc0" class="has-inline-color">pirâshaldâttuv ohtsii nettipalvâlusâst</mark></a>.</p>
</div>



<hr class="wp-block-separator has-css-opacity" style="margin-top:2em;margin-bottom:4em"/>
</div>



<div class="wp-block-group is-layout-flow wp-block-group-is-layout-flow">
<h2 class="wp-block-heading">Pirâssuojâlemlaavâ miäldásâš almos almottemmonâttâllâm</h2>



<div class="wp-block-group has-alys-trans-red-background-color has-background has-global-padding is-layout-constrained wp-container-core-group-is-layout-7 wp-block-group-is-layout-constrained" style="border-radius:1.75em;margin-top:1em;margin-bottom:1em;padding-top:2em;padding-right:1em;padding-bottom:2em;padding-left:1em">
<p>Tooimâ almottemkenigâsvuođâst asâttuvvoo pirâssuojâlemlaavâ 115 a §:st já almottem vuálásiih tooimah  láá luvâttâllum laavâ lahtosist 4. Almottâs kalga kyeđđiđ toimâváldálii virgeomâhâžân majemustáá 120 peivid ovdil tooimâ vuávájum algâttem. Lasetiäđuh kávnojeh <a href="https://www.ymparisto.fi/fi-FI/Asiointi_luvat_ja_ymparistovaikutusten_arviointi/Luvat_ilmoitukset_ja_rekisterointi/YSLn_yleinen_ilmoitusmenettely"><mark style="background-color:rgba(0, 0, 0, 0);color:#3c1cc0" class="has-inline-color">pirâshaldâttuv ohtsii nettipalvâlusâst</mark></a>.</p>
</div>



<hr class="wp-block-separator has-css-opacity" style="margin-top:2em;margin-bottom:4em"/>
</div>
</div>



<div class="wp-block-column is-layout-flow wp-block-column-is-layout-flow" style="flex-basis:33.33%">
<h3 class="wp-block-heading">Asiakirjat</h3>



<div class="wp-block-group links is-layout-flow wp-block-group-is-layout-flow" style="margin-top:1em;margin-bottom:1em">
<div class="wp-block-file has-link-color wp-elements-f9478ad37c4fae6c37fc3f3c290ef25c"><a href="https://arktisenlapinys.fi/wp-content/uploads/ymparistonsuojeluviranomaisen_vakuuksien_kasittelyn_periaatteet_2023_227493-1.pdf">Maa-aineslain ja ympäristönsuojelulain mukaiset vakuudet (pdf)</a></div>



<div class="wp-block-file has-link-color wp-elements-10497242e01c807cb628b89421f6bdc3"><a href="https://arktisenlapinys.fi/wp-content/uploads/ymparistonsuojeluviranomaisen_taksa_2023_227489-1.pdf">Ympäristönsuojeluviranomaisen taksa (pdf)</a></div>
</div>



<h3 class="wp-block-heading links" style="margin-top:1em;margin-bottom:1em">Linkit</h3>



<p class="links" style="margin-top:1em;margin-bottom:1em"><a href="https://www.finlex.fi/fi/laki/ajantasa/2014/20140527">Ympäristönsuojelulaki (527/2014)</a></p>



<p class="links" style="margin-top:1em;margin-bottom:1em"><a href="https://www.finlex.fi/fi/laki/ajantasa/2014/20140713">Ympäristönsuojeluasetus (713/2014)</a></p>
</div>
</div>
</div>



<p></p>

<p>Pirâslope Pirâslove vuálásiih tooimah kávnojeh pirâssuojâlemlaavâst. Ucâmušân kalga lahteđ ääši kieđâvuššâm várás tárbulijd čielgiittâsâid ton mield, ko pirâssuojâlemasâttâsâst lii asâttum. Tärhibijd pirâsluuvij uuccâmravvuid já -luámáttuvâid tun kaavnah pirâshaldâttuv ohtsii nettipalvâlusâst. Registeristemalmottâs Registeristem vättee tooimah láá iänááš uási puáldimamnâsvuáimálâšvuođâ háárán vuálá 50 MW energiapyevtittâslájádâsâin, kolgospuáldimamnâsij jyehimsajattuvâin já asfaltsajattuvâin. Toos lasseen pirâssuojâlemlaavâ lahtosist 2 mainâšum kemialijd posâlemsoojijd [&hellip;]</p>
