{"id":1769,"date":"2020-03-11T08:28:51","date_gmt":"2020-03-11T06:28:51","guid":{"rendered":"https:\/\/arktisenlapinys.fi\/?page_id=1769"},"modified":"2024-09-23T15:24:08","modified_gmt":"2024-09-23T12:24:08","slug":"eennamamnasij-valdim","status":"publish","type":"page","link":"https:\/\/arktisenlapinys.fi\/smn-fi\/eennamamnasij-valdim\/","title":{"rendered":"Eenn\u00e2mamn\u00e2sij v\u00e4ldim"},"content":{"rendered":"\n<div class=\"wp-block-group has-global-padding is-layout-constrained wp-block-group-is-layout-constrained\">\n<div class=\"wp-block-columns is-layout-flex wp-container-core-columns-is-layout-1 wp-block-columns-is-layout-flex\">\n<div class=\"wp-block-column is-layout-flow wp-block-column-is-layout-flow\" style=\"flex-basis:66.66%\">\n<div class=\"wp-block-group has-global-padding is-layout-constrained wp-block-group-is-layout-constrained\">\n<h2 class=\"wp-block-heading\">Eenn\u00e2mamn\u00e2sij v\u00e4ldimlope<\/h2>\n\n\n\n<div class=\"wp-block-group has-alys-trans-red-background-color has-background has-global-padding is-layout-constrained wp-container-core-group-is-layout-1 wp-block-group-is-layout-constrained\" style=\"border-radius:1.75em;margin-top:1em;margin-bottom:1em;padding-top:2em;padding-right:1em;padding-bottom:2em;padding-left:1em\">\n<p>Eenn\u00e2mamn\u00e2sij v\u00e4ldim mudoi ko jieij\u00e2s p\u00e4ikkit\u00e1\u00e1rbun v\u00e1\u00e1t\u00e1 ain eenn\u00e2mamn\u00e2slaav\u00e2 mi\u00e4ld\u00e1sii love. Lopeuc\u00e2mu\u0161\u00e2st oovd\u00e2npyehtimn\u00e1\u00e1l ti\u00e4\u0111uin j\u00e1 v\u00e4ldimvu\u00e1v\u00e1m sisk\u00e1ld\u00e2s\u00e2st j\u00e1 r\u00e1htusist lii as\u00e2ttum detaljij mield eenn\u00e2mamn\u00e2sij v\u00e4ldimist adelum staat\u00e2r\u00e4\u00e4\u0111i as\u00e2tt\u00e2s\u00e2st. Eenn\u00e2mamn\u00e2sij v\u00e4ldimluuvij kie\u0111\u00e2vu\u0161mist pi\u00e4rroo m\u00e1ksu, mii lii mi\u00e4ru\u0161t\u00e2llum eenn\u00e2mamn\u00e2smerim\u00e1ksuvu\u00e1h\u00e1duv\u00e2st.<\/p>\n<\/div>\n\n\n\n<hr class=\"wp-block-separator has-alpha-channel-opacity\" style=\"margin-top:2em;margin-bottom:4em\"\/>\n<\/div>\n\n\n\n<div class=\"wp-block-group has-global-padding is-layout-constrained wp-block-group-is-layout-constrained\">\n<h2 class=\"wp-block-heading\">Eenn\u00e2mamn\u00e2sij v\u00e4ldimlopeuc\u00e2mu\u0161 j\u00e1 pir\u00e2slopeuc\u00e2mu\u0161 ohts\u00e2\u0161kie\u0111\u00e2vu\u0161\u0161\u00e2m<\/h2>\n\n\n\n<div class=\"wp-block-group has-alys-trans-red-background-color has-background has-global-padding is-layout-constrained wp-container-core-group-is-layout-3 wp-block-group-is-layout-constrained\" style=\"border-radius:1.75em;margin-top:1em;margin-bottom:1em;padding-top:2em;padding-right:1em;padding-bottom:2em;padding-left:1em\">\n<p>Pir\u00e2slope tarb\u00e2\u0161uvvoo pir\u00e2ssuoj\u00e2lemas\u00e2tt\u00e2s 2 \u00a7 mi\u00e4ld\u00e1sii eenn\u00e2mamn\u00e2sij v\u00e4ldim ooleest.<\/p>\n<\/div>\n\n\n\n<hr class=\"wp-block-separator has-alpha-channel-opacity\" style=\"margin-top:2em;margin-bottom:4em\"\/>\n<\/div>\n\n\n\n<div class=\"wp-block-group has-global-padding is-layout-constrained wp-block-group-is-layout-constrained\">\n<h2 class=\"wp-block-heading\">Ku\u00e1ivumamn\u00e2spas\u00e2tt\u00e2s pas\u00e2tt\u00e2shuol\u00e2tt\u00e2svu\u00e1v\u00e1m<\/h2>\n\n\n\n<div class=\"wp-block-group has-alys-trans-red-background-color has-background has-global-padding is-layout-constrained wp-container-core-group-is-layout-5 wp-block-group-is-layout-constrained\" style=\"border-radius:1.75em;margin-top:1em;margin-bottom:1em;padding-top:2em;padding-right:1em;padding-bottom:2em;padding-left:1em\">\n<p>Ku\u00e1ivumamn\u00e2spas\u00e2tt\u00e2s pas\u00e2tt\u00e2shuol\u00e2tt\u00e2svu\u00e1v\u00e1m kalga r\u00e4hti\u0111 eenn\u00e2mamn\u00e2sij v\u00e4ldimtooim\u00e2st \u0161addee ku\u00e1ivumamn\u00e2spas\u00e2tt\u00e2s\u00e2st. Vu\u00e1v\u00e1m r\u00e1htoo lovevu\u00e1l\u00e1sii tooim\u00e2st j\u00e1 tot toim\u00e2ttuvvoo kocceemvirgeom\u00e2h\u00e2\u017e\u00e2n.<\/p>\n<\/div>\n\n\n\n<hr class=\"wp-block-separator has-alpha-channel-opacity\" style=\"margin-top:2em;margin-bottom:4em\"\/>\n<\/div>\n<\/div>\n\n\n\n<div class=\"wp-block-column is-layout-flow wp-block-column-is-layout-flow\" style=\"flex-basis:33.33%\">\n<h3 class=\"wp-block-heading\">Asiakirjat<\/h3>\n\n\n\n<div class=\"wp-block-group links is-layout-flow wp-block-group-is-layout-flow\" style=\"margin-top:1em;margin-bottom:1em\">\n<div class=\"wp-block-file has-link-color wp-elements-b9301d53c1a7fd487666f551649c1d1f\"><a href=\"https:\/\/arktisenlapinys.fi\/wp-content\/uploads\/Ohje-maa-ainesluvan-hakemiseen-2021.pdf\">Ohje maa-ainesten ottamisluvan hakemiseen (pdf)<\/a><\/div>\n\n\n\n<div class=\"wp-block-file has-link-color wp-elements-79066e93fba3bfbd37a5dfb9205b8c5b\"><a href=\"https:\/\/arktisenlapinys.fi\/wp-content\/uploads\/ymparistonsuojeluviranomaisen_maa_aineslain_mukainen_taksa_2023_227491.pdf\">Maa-aineslain mukainen taksa (pdf)<\/a><\/div>\n\n\n\n<div class=\"wp-block-file has-link-color wp-elements-601300dfa41ce167662905f71a8241eb\"><a href=\"https:\/\/arktisenlapinys.fi\/wp-content\/uploads\/ymparistonsuojeluviranomaisen_vakuuksien_kasittelyn_periaatteet_2023_227493.pdf\">Maa-aineslain ja ymp\u00e4rist\u00f6nsuojelulain mukaiset vakuudet (pdf)<\/a><\/div>\n\n\n\n<div class=\"wp-block-file has-link-color wp-elements-78c92dbe489c5145963929e60daec562\"><a href=\"https:\/\/arktisenlapinys.fi\/wp-content\/uploads\/Maa-ainesten-ottamislupahakemus-1.docx\">Lupahakemus maa-ainesten ottamiseen (doc)<\/a><\/div>\n\n\n\n<div class=\"wp-block-file has-link-color wp-elements-24feed54d2a61ba5a5d15b364f863df6\"><a href=\"https:\/\/arktisenlapinys.fi\/wp-content\/uploads\/Kaivannaisj\u00e4tteen-j\u00e4tehuoltosuunnitelma.doc\">Kaivannaisj\u00e4tteen j\u00e4tehuoltosuunnitelma (doc)<\/a><\/div>\n\n\n\n<div class=\"wp-block-file has-link-color wp-elements-f58362d38a9a96d79210650a890bb9d5\"><a href=\"https:\/\/arktisenlapinys.fi\/wp-content\/uploads\/Kotitarveotto-lomake-1.docx\">Ilmoituslomake maa-ainesten kotitarveotto (doc)<\/a><\/div>\n<\/div>\n\n\n\n<h3 class=\"wp-block-heading links\" style=\"margin-top:1em;margin-bottom:1em\">Linkit<\/h3>\n\n\n\n<p class=\"links\" style=\"margin-top:1em;margin-bottom:1em\"><a href=\"https:\/\/www.finlex.fi\/fi\/laki\/ajantasa\/1981\/19810555\">Maa-aineslaki (555\/1981)<\/a><\/p>\n\n\n\n<p class=\"links\" style=\"margin-top:1em;margin-bottom:1em\"><a href=\"https:\/\/www.finlex.fi\/fi\/laki\/alkup\/2005\/20050926\">Valtioneuvoston asetus maa-ainesten ottamisesta (926\/2005)<\/a><\/p>\n\n\n\n<p class=\"links\" style=\"margin-top:1em;margin-bottom:1em\"><a href=\"https:\/\/www.finlex.fi\/fi\/laki\/ajantasa\/2014\/20140713\">Valtioneuvoston asetus ymp\u00e4rist\u00f6nsuojelusta (713\/2014)<\/a><\/p>\n<\/div>\n<\/div>\n<\/div>\n","protected":false},"excerpt":{"rendered":"<p>Eenn\u00e2mamn\u00e2sij v\u00e4ldimlope Eenn\u00e2mamn\u00e2sij v\u00e4ldim mudoi ko jieij\u00e2s p\u00e4ikkit\u00e1\u00e1rbun v\u00e1\u00e1t\u00e1 ain eenn\u00e2mamn\u00e2slaav\u00e2 mi\u00e4ld\u00e1sii love. Lopeuc\u00e2mu\u0161\u00e2st oovd\u00e2npyehtimn\u00e1\u00e1l ti\u00e4\u0111uin j\u00e1 v\u00e4ldimvu\u00e1v\u00e1m sisk\u00e1ld\u00e2s\u00e2st j\u00e1 r\u00e1htusist lii as\u00e2ttum detaljij mield eenn\u00e2mamn\u00e2sij v\u00e4ldimist adelum staat\u00e2r\u00e4\u00e4\u0111i as\u00e2tt\u00e2s\u00e2st. Eenn\u00e2mamn\u00e2sij v\u00e4ldimluuvij kie\u0111\u00e2vu\u0161mist pi\u00e4rroo m\u00e1ksu, mii lii mi\u00e4ru\u0161t\u00e2llum eenn\u00e2mamn\u00e2smerim\u00e1ksuvu\u00e1h\u00e1duv\u00e2st. Eenn\u00e2mamn\u00e2sij v\u00e4ldimlopeuc\u00e2mu\u0161 j\u00e1 pir\u00e2slopeuc\u00e2mu\u0161 ohts\u00e2\u0161kie\u0111\u00e2vu\u0161\u0161\u00e2m Pir\u00e2slope tarb\u00e2\u0161uvvoo pir\u00e2ssuoj\u00e2lemas\u00e2tt\u00e2s 2 \u00a7 mi\u00e4ld\u00e1sii eenn\u00e2mamn\u00e2sij v\u00e4ldim ooleest. Ku\u00e1ivumamn\u00e2spas\u00e2tt\u00e2s pas\u00e2tt\u00e2shuol\u00e2tt\u00e2svu\u00e1v\u00e1m [&hellip;]<\/p>\n","protected":false},"author":1,"featured_media":1616,"parent":0,"menu_order":0,"comment_status":"closed","ping_status":"closed","template":"","meta":{"footnotes":""},"class_list":["post-1769","page","type-page","status-publish","has-post-thumbnail","hentry"],"_links":{"self":[{"href":"https:\/\/arktisenlapinys.fi\/smn-fi\/wp-json\/wp\/v2\/pages\/1769","targetHints":{"allow":["GET"]}}],"collection":[{"href":"https:\/\/arktisenlapinys.fi\/smn-fi\/wp-json\/wp\/v2\/pages"}],"about":[{"href":"https:\/\/arktisenlapinys.fi\/smn-fi\/wp-json\/wp\/v2\/types\/page"}],"author":[{"embeddable":true,"href":"https:\/\/arktisenlapinys.fi\/smn-fi\/wp-json\/wp\/v2\/users\/1"}],"replies":[{"embeddable":true,"href":"https:\/\/arktisenlapinys.fi\/smn-fi\/wp-json\/wp\/v2\/comments?post=1769"}],"version-history":[{"count":3,"href":"https:\/\/arktisenlapinys.fi\/smn-fi\/wp-json\/wp\/v2\/pages\/1769\/revisions"}],"predecessor-version":[{"id":1772,"href":"https:\/\/arktisenlapinys.fi\/smn-fi\/wp-json\/wp\/v2\/pages\/1769\/revisions\/1772"}],"wp:featuredmedia":[{"embeddable":true,"href":"https:\/\/arktisenlapinys.fi\/smn-fi\/wp-json\/wp\/v2\/media\/1616"}],"wp:attachment":[{"href":"https:\/\/arktisenlapinys.fi\/smn-fi\/wp-json\/wp\/v2\/media?parent=1769"}],"curies":[{"name":"wp","href":"https:\/\/api.w.org\/{rel}","templated":true}]}}